s of 9409226?
2, 4704613
What are the prime factors of 63374?
2, 31687
List the prime factors of 6087263.
7, 13, 151, 443
What are the prime factors of 365481?
3, 40609
What are the prime factors of 29718676?
2, 13, 43, 13291
List the prime factors of 11034830.
2, 5, 1103483
List the prime factors of 688121.
7, 197, 499
List the prime factors of 23322276.
2, 3, 23, 41, 229
What are the prime factors of 3359365?
5, 71, 9463
What are the prime factors of 167591?
29, 5779
List the prime factors of 26983.
11, 223
List the prime factors of 459640.
2, 5, 11491
List the prime factors of 13341992.
2, 1667749
What are the prime factors of 83889?
3, 13, 239
What are the prime factors of 685241?
29, 23629
List the prime factors of 8497816.
2, 661, 1607
List the prime factors of 27250.
2, 5, 109
What are the prime factors of 10323541?
797, 12953
What are the prime factors of 1849166?
2, 11, 84053
What are the prime factors of 975106?
2, 11, 127, 349
What are the prime factors of 9111218?
2, 17, 173, 1549
List the prime factors of 403308.
2, 3, 17, 659
List the prime factors of 4540729.
23, 197423
List the prime factors of 264168.
2, 3, 1223
What are the prime factors of 28561017?
3, 787, 12097
List the prime factors of 4832775.
3, 5, 47, 457
What are the prime factors of 222551?
7, 31793
What are the prime factors of 98204?
2, 24551
What are the prime factors of 1120684?
2, 503, 557
List the prime factors of 234009.
3, 107
List the prime factors of 7861233.
3, 29, 90359
List the prime factors of 380627.
13, 19, 23, 67
What are the prime factors of 860854?
2, 430427
List the prime factors of 188609.
188609
What are the prime factors of 11651277?
3, 11, 353069
List the prime factors of 148963.
181, 823
What are the prime factors of 23040429?
3, 67, 79, 1451
List the prime factors of 1153134.
2, 3, 64063
List the prime factors of 696392.
2, 87049
List the prime factors of 3734076.
2, 3, 311173
What are the prime factors of 26881007?
26881007
List the prime factors of 285317.
285317
What are the prime factors of 249941?
23, 10867
List the prime factors of 559086.
2, 3, 11, 43, 197
What are the prime factors of 1043053?
11, 94823
List the prime factors of 1700175.
3, 5, 22669
What are the prime factors of 503431?
503431
What are the prime factors of 1214818?
2, 11, 55219
List the prime factors of 1111265.
5, 59, 3767
List the prime factors of 229798.
2, 89, 1291
List the prime factors of 1872973.
97, 19309
What are the prime factors of 1642160?
2, 5, 13, 1579
What are the prime factors of 6558215?
5, 1311643
List the prime factors of 19139284.
2, 4784821
List the prime factors of 96395.
5, 13, 1483
What are the prime factors of 537754?
2, 7, 71, 541
What are the prime factors of 655553?
269, 2437
List the prime factors of 171340.
2, 5, 13, 659
List the prime factors of 1255641.
3, 277, 1511
List the prime factors of 1620302.
2, 810151
What are the prime factors of 3582914?
2, 1791457
What are the prime factors of 173096?
2, 7, 11, 281
What are the prime factors of 9401893?
1877, 5009
List the prime factors of 4502119.
607, 7417
List the prime factors of 172027.
172027
List the prime factors of 204022.
2, 7, 13, 19, 59
What are the prime factors of 5635358?
2, 131, 137, 157
What are the prime factors of 96161?
13, 569
What are the prime factors of 91810?
2, 5, 9181
List the prime factors of 1517255.
5, 43, 7057
What are the prime factors of 43530722?
2, 37, 761, 773
List the prime factors of 19285071.
3, 13, 577, 857
List the prime factors of 596365.
5, 7, 11, 1549
What are the prime factors of 415915?
5, 193, 431
List the prime factors of 510139.
7, 29, 359
List the prime factors of 3616639.
13, 37, 73, 103
What are the prime factors of 125253?
3, 4639
What are the prime factors of 2283762?
2, 3, 13, 19, 23, 67
List the prime factors of 12444.
2, 3, 17, 61
What are the prime factors of 355477?
31, 11467
List the prime factors of 633856.
2, 619
List the prime factors of 378754.
2, 189377
What are the prime factors of 479951?
479951
List the prime factors of 180384.
2, 3, 1879
What are the prime factors of 58193?
58193
List the prime factors of 4355589.
3, 7, 207409
What are the prime factors of 497008?
2, 31063
List the prime factors of 206452.
2, 51613
What are the prime factors of 13603729?
631, 21559
What are the prime factors of 8436093?
3, 2812031
List the prime factors of 26426258.
2, 13213129
What are the prime factors of 8566250?
2, 5, 7, 11, 89
What are the prime factors of 232337?
7, 33191
What are the prime factors of 867788?
2, 216947
List the prime factors of 753028.
2, 79, 2383
What are the prime factors of 7992346?
2, 17, 235069
What are the prime factors of 18462546?
2, 3, 31, 41, 269
List the prime factors of 93027.
3, 11, 2819
List the prime factors of 1316604.
2, 3, 109717
List the prime factors of 2239130.
2, 5, 31, 233
List the prime factors of 20841131.
4481, 4651
What are the prime factors of 37510?
2, 5, 11, 31
What are the prime factors of 14668135?
5, 23, 127549
What are the prime factors of 1214440?
2, 5, 97, 313
What are the prime factors of 7192175?
5, 47, 6121
What are the prime factors of 9860724?
2, 3, 91303
What are the prime factors of 142316?
2, 47, 757
List the prime factors of 1796396.
2, 7, 64157
List the prime factors of 227084.
2, 11, 13, 397
What are the prime factors of 4211860?
2, 5, 197, 1069
What are the prime factors of 7200?
2, 3, 5
What are the prime factors of 242282?
2, 23, 229
List the prime factors of 19213035.
3, 5, 1280869
List the prime factors of 412986.
2, 3, 7, 9833
What are the prime factors of 194954?
2, 107, 911
List the prime factors of 964663.
7, 19687
What are the prime factors of 1736900?
2, 5, 11, 1579
What are the prime factors of 7617410?
2, 5, 97, 7853
What are the prime factors of 709634?
2, 199, 1783
List the prime factors of 845899.
19, 211
What are the prime factors of 500735?
5, 17, 43, 137
List the prime factors of 7611450.
2, 3, 5, 7, 11, 659
List the prime factors of 6280.
2, 5, 157
List the prime factors of 12767719.
12767719
What are the prime factors of 2828586?
2, 3, 23, 103, 199
What are the prime factors of 8384683?
29, 289127
What are the prime factors of 23391848?
2, 59, 49559
What are the prime factors of 9223029?
3, 163, 6287
List the prime factors of 272640.
2, 3, 5, 71
List the prime factors of 1022955.
3, 5, 47, 1451
List the prime factors of 1268777.
1268777
List the prime factors of 584717.
7, 11933
What are the prime factors of 92500?
2, 5, 37
List the prime factors of 217337.
217337
List the prime factors of 4511257.
751, 6007
List the prime factors of 2147485.
5, 429497
List the prime factors of 578018.
2, 7, 19, 41, 53
What are the prime factors of 2460732?
2, 3, 47, 4363
List the prime factors of 179065.
5, 59, 607
What are the prime factors of 106936?
2, 13367
List the prime factors of 1511889.
3, 503963
List the prime factors of 492904.
2, 61613
List the prime factors of 52922.
2, 47, 563
List the prime factors of 3160331.
3160331
List the prime factors of 581614.
2, 11, 26437
List the prime factors of 424025.
5, 7, 2423
List the prime factors of 265004.
2, 97, 683
What are the prime factors of 559749?
3, 186583
List the prime factors of 727906.
2, 17, 79, 271
What are the prime factors of 4144105?
5, 7, 167, 709
List the prime factors of 420596.
2, 11, 79
What are the prime factors of 14305701?
3, 23, 207329
List the prime factors of 30834686.
2, 15417343
List the prime factors of 203686.
2, 7, 14549
List the prime factors of 903469.
7, 19, 6793
What are the prime factors of 571535?
5, 151, 757
List the prime factors of 75481.
7, 41, 263
List the prime factors of 2890489.
7, 19, 103, 211
List the prime factors of 144531.
3, 53, 101
What are the prime factors of 20234332?
2, 5058583
List the prime factors of 12196945.
5, 2439389
What are the prime factors of 192644?
2, 17, 2833
List the prime factors of 2826709.
17, 9781
List the prime factors of 5144409.
3, 571601
List the prime factors of 8269944.
2, 3, 37, 67, 139
List the prime factors of 346994.
2, 173497
What are the prime factors of 8744012?
2, 2186003
List the prime factors of 812060.
2, 5, 19, 2137
List the prime factors of 12846.
2, 3, 2141
List the prime factors of 13641712.
2, 7, 349
List the prim